{"id":12,"date":"2024-04-25T15:07:46","date_gmt":"2024-04-25T15:07:46","guid":{"rendered":"https:\/\/foodfans.t4m.me\/?page_id=12"},"modified":"2024-05-22T07:34:04","modified_gmt":"2024-05-22T07:34:04","slug":"impressum","status":"publish","type":"page","link":"https:\/\/www.apetito-catering.de\/aktion\/food-for-fans\/impressum\/","title":{"rendered":"Impressum"},"content":{"rendered":"\t\t<div data-elementor-type=\"wp-page\" data-elementor-id=\"12\" class=\"elementor elementor-12\" data-elementor-settings=\"{&quot;ha_cmc_init_switcher&quot;:&quot;no&quot;}\" data-elementor-post-type=\"page\">\n\t\t\t\t<div class=\"elementor-element elementor-element-1804b6f e-flex e-con-boxed e-con e-parent\" data-id=\"1804b6f\" data-element_type=\"container\" data-e-type=\"container\" data-settings=\"{&quot;background_background&quot;:&quot;classic&quot;}\">\n\t\t\t\t\t<div class=\"e-con-inner\">\n\t\t\t\t<div class=\"elementor-element elementor-element-0537b94 elementor-widget__width-auto elementor-absolute elementor-widget-divider--view-line elementor-widget elementor-widget-divider\" data-id=\"0537b94\" data-element_type=\"widget\" data-e-type=\"widget\" data-settings=\"{&quot;_position&quot;:&quot;absolute&quot;}\" data-widget_type=\"divider.default\">\n\t\t\t\t<div class=\"elementor-widget-container\">\n\t\t\t\t\t\t\t<div class=\"elementor-divider\">\n\t\t\t<span class=\"elementor-divider-separator\">\n\t\t\t\t\t\t<\/span>\n\t\t<\/div>\n\t\t\t\t\t\t<\/div>\n\t\t\t\t<\/div>\n\t\t\t\t<div class=\"elementor-element elementor-element-157a6e1 elementor-widget__width-auto elementor-absolute elementor-widget-divider--view-line elementor-widget elementor-widget-divider\" data-id=\"157a6e1\" data-element_type=\"widget\" data-e-type=\"widget\" data-settings=\"{&quot;_position&quot;:&quot;absolute&quot;}\" data-widget_type=\"divider.default\">\n\t\t\t\t<div class=\"elementor-widget-container\">\n\t\t\t\t\t\t\t<div class=\"elementor-divider\">\n\t\t\t<span class=\"elementor-divider-separator\">\n\t\t\t\t\t\t<\/span>\n\t\t<\/div>\n\t\t\t\t\t\t<\/div>\n\t\t\t\t<\/div>\n\t\t<div class=\"elementor-element elementor-element-3607204 e-con-full e-flex e-con e-child\" data-id=\"3607204\" data-element_type=\"container\" data-e-type=\"container\">\n\t\t\t\t<div class=\"elementor-element elementor-element-d33ca0d elementor-widget elementor-widget-heading\" data-id=\"d33ca0d\" data-element_type=\"widget\" data-e-type=\"widget\" data-widget_type=\"heading.default\">\n\t\t\t\t<div class=\"elementor-widget-container\">\n\t\t\t\t\t<h1 class=\"elementor-heading-title elementor-size-default\">Impressum<\/h1>\t\t\t\t<\/div>\n\t\t\t\t<\/div>\n\t\t\t\t<div class=\"elementor-element elementor-element-3245fa5 elementor-widget elementor-widget-text-editor\" data-id=\"3245fa5\" data-element_type=\"widget\" data-e-type=\"widget\" data-widget_type=\"text-editor.default\">\n\t\t\t\t<div class=\"elementor-widget-container\">\n\t\t\t\t\t\t\t\t\t<div id=\"c634\" class=\"grid-row row frame frame-default frame-type-2cols-container frame-layout-0 frame-space-before-none frame-space-after-medium align-items-start\"><div class=\"grid-col col-12 col-md-8 col-lg-9\"><div class=\"grid-col__styles d-flex flex-column justify-content-start\"><div id=\"c635\" class=\"frame frame-default frame-type-text frame-layout-0\" data-animation=\"\"><h3>apetito catering B.V. &amp; Co. KG<\/h3><p>Bonifatiusstra\u00dfe 305<br \/>48432 Rheine<\/p><p>Telefon:\u00a0<a href=\"tel:0597180703000\">+49 (0) 5971 \/ 8070 3000<\/a><br \/>Telefax: +49 (0) 5971 \/ 8070 3004<\/p><p>Fragen und Anregungen bitte an:\u00a0<a href=\"https:\/\/www.apetito-catering.de\/#\" data-mailto-token=\"kygjrm8gldmYyncrgrm+ayrcpgle,bc\" data-mailto-vector=\"-2\">info@apetito-catering.de<\/a><\/p><p>\u00a0<\/p><p><strong>RECHTLICHER HINWEIS:<\/strong><\/p><p>Eingetragen im Handelsregister beim<br \/>Amtsgericht Steinfurt<br \/>HRA 5828<br \/>Umsatzsteuer-Identnummer: DE 815 101 064<\/p><p>Pers\u00f6nlich haftende Gesellschafterin:<br \/>apetito catering Europe B.V.<\/p><p>Sitz:\u00a0Denekamp (NL)<\/p><p>Eingetragen im Handelsregister<br \/>Kamer van Koophandel<br \/>voor Oost Nederland: 08204028<\/p><p>Gesch\u00e4ftsf\u00fchrer:<br \/>Andreas Oellerich<\/p><p>\u00a0<\/p><\/div><\/div><\/div><\/div><p>\u00a0<\/p><div id=\"c634\" class=\"grid-row row frame frame-default frame-type-2cols-container frame-layout-0 frame-space-before-none frame-space-after-medium align-items-start\"><div class=\"grid-col col-12 col-md-8 col-lg-9\"><div class=\"grid-col__styles d-flex flex-column justify-content-start\"><div id=\"c635\" class=\"frame frame-default frame-type-text frame-layout-0\" data-animation=\"\"><h3><strong>Gesellschaft apetito catering Education B.V. &amp; Co. KG<\/strong><\/h3><p>apetito catering Education B.V. &amp; Co. KG<\/p><p>D\u00fcsterbergstra\u00dfe 5 48432 Rheine<\/p><p>Telefon:\u00a0<a href=\"tel:0597180704000\">+49 (0) 5971 \/ 8070 4000<\/a><br \/>Telefax: +49 (0) 5971 \/ 8070 4001<\/p><p>Fragen und Anregungen bitte an:\u00a0<a href=\"https:\/\/www.apetito-catering.de\/#\" data-mailto-token=\"kygjrm8cbsayrgmlYyncrgrm+ayrcpgle,bc\" data-mailto-vector=\"-2\">education@apetito-catering.de<\/a><\/p><h3>\u00a0<\/h3><p><strong>RECHTLICHER HINWEIS:<\/strong><\/p><p>Eingetragen im Handelsregister beim<br \/>Amtsgericht Steinfurt<br \/>HRA 7819<br \/>Steuernummer: 311\/5940\/3257<\/p><p>Pers\u00f6nlich haftende Gesellschafterin:<br \/>apetito catering Education B.V.<br \/>Sitz: Denekamp (NL)<\/p><p>Eingetragen im Handelsregister<br \/>Kamer van Koophandel<br \/>80580610<\/p><p>Gesch\u00e4ftsf\u00fchrer: Markus Lang<\/p><p>\u00a0<\/p><p>\u00a0<\/p><p><strong>Design\/Umsetzung:<\/strong><br \/>team4media GmbH<br \/>Lengericher Landstr. 7<br \/>49078 Osnabr\u00fcck<\/p><p>info@team4media.net<br \/><a href=\"https:\/\/www.team4media.net\/\" target=\"_blank\" rel=\"noopener\">www.team4media.net<\/a><\/p><p>\u00a0<\/p><p><strong>\u00a9 Alle Rechte vorbehalten, apetito catering B.V. &amp; Co. KG 2011<\/strong><\/p><p>Alle Rechte vorbehalten. Die Informationen sind Eigentum der apetito catering B.V. &amp; Co. KG. Sie stellen die zum Zeitpunkt der Publikation jeweils neuesten Informationen dar. Eine Haftung oder Garantie f\u00fcr die Aktualit\u00e4t, Richtigkeit und Vollst\u00e4ndigkeit der zur Verf\u00fcgung gestellten Informationen und Daten ist ausgeschlossen. Die Informationen auf den Websites stellen in keinem Fall rechtliche Zusicherungen dar. Die apetito catering B.V. &amp; Co. KG beh\u00e4lt sich das Recht vor, bei Bedarf \u00c4nderungen oder Erg\u00e4nzungen der bereitgestellten Informationen oder Daten durchzuf\u00fchren. Aus den hier beschriebenen Themenbereichen k\u00f6nnen keine Rechtsanspr\u00fcche abgeleitet werden. Angebote sind in allen Teilen unverbindlich. Die apetito catering B.V. &amp; Co. KG haftet weder f\u00fcr direkte noch indirekte Sch\u00e4den, die durch die Nutzung der Informationen oder Daten entstehen, die auf dieser Website zu finden sind. Rechte und Pflichten zwischen der apetito catering B.V. &amp; Co. KG und dem Nutzer der Website oder Dritten bestehen nicht. Die Inhalte der apetito catering B.V. &amp; Co. KG sind urheberrechtlich gesch\u00fctzt. Die Inhalte d\u00fcrfen weder ganz noch teilweise ohne vorherige schriftliche Genehmigung des Urhebers vervielf\u00e4ltigt und\/oder ver\u00f6ffentlicht oder in einem Informationssystem gespeichert werden. S\u00e4mtliche Informationen oder Daten, ihre Nutzung sowie s\u00e4mtliches mit der Website der apetito catering B.V. &amp; Co. KG zusammenh\u00e4ngendes Tun, Dulden oder Unterlassen unterliegen ausschlie\u00dflich deutschem Recht, unter Ausschluss von internationalem Recht. Erf\u00fcllungsort und ausschlie\u00dflicher Gerichtsstand ist Rheine.<\/p><p>\u00a0<\/p><p><strong>Hinweis f\u00fcr Verbraucher<\/strong><\/p><p>Die EU-Kommission hat eine Internetplattform zur Online-Beilegung von Streitigkeiten (sog. \u201eOS-Plattform\u201c) geschaffen. Die OS-Plattform dient als Anlaufstelle zur au\u00dfergerichtlichen Beilegung von Streitigkeiten betreffend vertragliche Verpflichtungen, die aus Online-Kaufvertr\u00e4gen erwachsen. Sie k\u00f6nnen die OS-Plattform unter dem folgenden Link erreichen:\u00a0<a href=\"https:\/\/ec.europa.eu\/consumers\/odr\/main\/index.cfm?event=main.home.show&amp;lng=DE\" target=\"_blank\" rel=\"noopener noreferrer\">https:\/\/ec.europa.eu\/consumers\/odr\/main\/index.cfm?event=main.home.show&amp;lng=DE<\/a><\/p><p>apetito catering B.V. &amp; Co. KG\u00a0 erkl\u00e4rt, nicht an einem au\u00dfergerichtlichen Streitbeilegungsverfahren vor einer Schlichtungsstelle teilzunehmen und dazu auch nicht verpflichtet zu sein.<\/p><p>apetito catering Education B.V. &amp; Co. KG\u00a0 erkl\u00e4rt, nicht an einem au\u00dfergerichtlichen Streitbeilegungsverfahren vor einer Schlichtungsstelle teilzunehmen und dazu auch nicht verpflichtet zu sein.<\/p><\/div><\/div><\/div><\/div><div>\u00a0<\/div><div>\u00a0<\/div><div class=\"grid-col grid-col--header col-12\"><strong>Bildnachweise:<\/strong><\/div><div>Adobe Stock: 127819019, 311654327, 421800521, 456899390, 525141724, 573911266, 588224981, 792744244<\/div><div>\u00a0<\/div>\t\t\t\t\t\t\t\t<\/div>\n\t\t\t\t<\/div>\n\t\t\t\t<\/div>\n\t\t\t\t\t<\/div>\n\t\t\t\t<\/div>\n\t\t\t\t<\/div>\n\t\t","protected":false},"excerpt":{"rendered":"<p>Impressum apetito catering B.V. &amp; Co. KG Bonifatiusstra\u00dfe 30548432 Rheine Telefon:\u00a0+49 (0) 5971 \/ 8070 3000Telefax: +49 (0) 5971 \/ 8070 3004 Fragen und Anregungen bitte an:\u00a0info@apetito-catering.de \u00a0 RECHTLICHER HINWEIS: Eingetragen im Handelsregister beimAmtsgericht SteinfurtHRA 5828Umsatzsteuer-Identnummer: DE 815 101 064 Pers\u00f6nlich haftende Gesellschafterin:apetito catering Europe B.V. Sitz:\u00a0Denekamp (NL) Eingetragen im HandelsregisterKamer van Koophandelvoor Oost Nederland: [&hellip;]<\/p>\n","protected":false},"author":1,"featured_media":0,"parent":0,"menu_order":0,"comment_status":"closed","ping_status":"closed","template":"elementor_header_footer","meta":{"_acf_changed":false,"inline_featured_image":false,"footnotes":""},"class_list":["post-12","page","type-page","status-publish","hentry"],"acf":[],"yoast_head":"<!-- This site is optimized with the Yoast SEO plugin v26.9 - https:\/\/yoast.com\/product\/yoast-seo-wordpress\/ -->\n<title>Impressum - apetito catering Aktion<\/title>\n<meta name=\"robots\" content=\"index, follow, max-snippet:-1, max-image-preview:large, max-video-preview:-1\" \/>\n<link rel=\"canonical\" href=\"https:\/\/www.apetito-catering.de\/aktion\/food-for-fans\/impressum\/\" \/>\n<meta property=\"og:locale\" content=\"de_DE\" \/>\n<meta property=\"og:type\" content=\"article\" \/>\n<meta property=\"og:title\" content=\"Impressum - apetito catering Aktion\" \/>\n<meta property=\"og:description\" content=\"Impressum apetito catering B.V. &amp; Co. KG Bonifatiusstra\u00dfe 30548432 Rheine Telefon:\u00a0+49 (0) 5971 \/ 8070 3000Telefax: +49 (0) 5971 \/ 8070 3004 Fragen und Anregungen bitte an:\u00a0info@apetito-catering.de \u00a0 RECHTLICHER HINWEIS: Eingetragen im Handelsregister beimAmtsgericht SteinfurtHRA 5828Umsatzsteuer-Identnummer: DE 815 101 064 Pers\u00f6nlich haftende Gesellschafterin:apetito catering Europe B.V. Sitz:\u00a0Denekamp (NL) Eingetragen im HandelsregisterKamer van Koophandelvoor Oost Nederland: [&hellip;]\" \/>\n<meta property=\"og:url\" content=\"https:\/\/www.apetito-catering.de\/aktion\/food-for-fans\/impressum\/\" \/>\n<meta property=\"og:site_name\" content=\"apetito catering Aktion\" \/>\n<meta property=\"article:modified_time\" content=\"2024-05-22T07:34:04+00:00\" \/>\n<meta name=\"twitter:card\" content=\"summary_large_image\" \/>\n<meta name=\"twitter:label1\" content=\"Gesch\u00e4tzte Lesezeit\" \/>\n\t<meta name=\"twitter:data1\" content=\"3\u00a0Minuten\" \/>\n<script type=\"application\/ld+json\" class=\"yoast-schema-graph\">{\"@context\":\"https:\/\/schema.org\",\"@graph\":[{\"@type\":\"WebPage\",\"@id\":\"https:\/\/www.apetito-catering.de\/aktion\/food-for-fans\/impressum\/\",\"url\":\"https:\/\/www.apetito-catering.de\/aktion\/food-for-fans\/impressum\/\",\"name\":\"Impressum - apetito catering Aktion\",\"isPartOf\":{\"@id\":\"https:\/\/www.apetito-catering.de\/aktion\/food-for-fans\/#website\"},\"datePublished\":\"2024-04-25T15:07:46+00:00\",\"dateModified\":\"2024-05-22T07:34:04+00:00\",\"breadcrumb\":{\"@id\":\"https:\/\/www.apetito-catering.de\/aktion\/food-for-fans\/impressum\/#breadcrumb\"},\"inLanguage\":\"de\",\"potentialAction\":[{\"@type\":\"ReadAction\",\"target\":[\"https:\/\/www.apetito-catering.de\/aktion\/food-for-fans\/impressum\/\"]}]},{\"@type\":\"BreadcrumbList\",\"@id\":\"https:\/\/www.apetito-catering.de\/aktion\/food-for-fans\/impressum\/#breadcrumb\",\"itemListElement\":[{\"@type\":\"ListItem\",\"position\":1,\"name\":\"Startseite\",\"item\":\"https:\/\/www.apetito-catering.de\/aktion\/food-for-fans\/\"},{\"@type\":\"ListItem\",\"position\":2,\"name\":\"Impressum\"}]},{\"@type\":\"WebSite\",\"@id\":\"https:\/\/www.apetito-catering.de\/aktion\/food-for-fans\/#website\",\"url\":\"https:\/\/www.apetito-catering.de\/aktion\/food-for-fans\/\",\"name\":\"apetito catering Aktion\",\"description\":\"Food for Fans\",\"publisher\":{\"@id\":\"https:\/\/www.apetito-catering.de\/aktion\/food-for-fans\/#organization\"},\"potentialAction\":[{\"@type\":\"SearchAction\",\"target\":{\"@type\":\"EntryPoint\",\"urlTemplate\":\"https:\/\/www.apetito-catering.de\/aktion\/food-for-fans\/?s={search_term_string}\"},\"query-input\":{\"@type\":\"PropertyValueSpecification\",\"valueRequired\":true,\"valueName\":\"search_term_string\"}}],\"inLanguage\":\"de\"},{\"@type\":\"Organization\",\"@id\":\"https:\/\/www.apetito-catering.de\/aktion\/food-for-fans\/#organization\",\"name\":\"apetito catering Aktion\",\"url\":\"https:\/\/www.apetito-catering.de\/aktion\/food-for-fans\/\",\"logo\":{\"@type\":\"ImageObject\",\"inLanguage\":\"de\",\"@id\":\"https:\/\/www.apetito-catering.de\/aktion\/food-for-fans\/#\/schema\/logo\/image\/\",\"url\":\"https:\/\/www.apetito-catering.de\/aktion\/food-for-fans\/wp-content\/uploads\/2024\/05\/apetito_catering_logo.svg\",\"contentUrl\":\"https:\/\/www.apetito-catering.de\/aktion\/food-for-fans\/wp-content\/uploads\/2024\/05\/apetito_catering_logo.svg\",\"width\":309,\"height\":137,\"caption\":\"apetito catering Aktion\"},\"image\":{\"@id\":\"https:\/\/www.apetito-catering.de\/aktion\/food-for-fans\/#\/schema\/logo\/image\/\"}}]}<\/script>\n<!-- \/ Yoast SEO plugin. -->","yoast_head_json":{"title":"Impressum - apetito catering Aktion","robots":{"index":"index","follow":"follow","max-snippet":"max-snippet:-1","max-image-preview":"max-image-preview:large","max-video-preview":"max-video-preview:-1"},"canonical":"https:\/\/www.apetito-catering.de\/aktion\/food-for-fans\/impressum\/","og_locale":"de_DE","og_type":"article","og_title":"Impressum - apetito catering Aktion","og_description":"Impressum apetito catering B.V. &amp; Co. KG Bonifatiusstra\u00dfe 30548432 Rheine Telefon:\u00a0+49 (0) 5971 \/ 8070 3000Telefax: +49 (0) 5971 \/ 8070 3004 Fragen und Anregungen bitte an:\u00a0info@apetito-catering.de \u00a0 RECHTLICHER HINWEIS: Eingetragen im Handelsregister beimAmtsgericht SteinfurtHRA 5828Umsatzsteuer-Identnummer: DE 815 101 064 Pers\u00f6nlich haftende Gesellschafterin:apetito catering Europe B.V. Sitz:\u00a0Denekamp (NL) Eingetragen im HandelsregisterKamer van Koophandelvoor Oost Nederland: [&hellip;]","og_url":"https:\/\/www.apetito-catering.de\/aktion\/food-for-fans\/impressum\/","og_site_name":"apetito catering Aktion","article_modified_time":"2024-05-22T07:34:04+00:00","twitter_card":"summary_large_image","twitter_misc":{"Gesch\u00e4tzte Lesezeit":"3\u00a0Minuten"},"schema":{"@context":"https:\/\/schema.org","@graph":[{"@type":"WebPage","@id":"https:\/\/www.apetito-catering.de\/aktion\/food-for-fans\/impressum\/","url":"https:\/\/www.apetito-catering.de\/aktion\/food-for-fans\/impressum\/","name":"Impressum - apetito catering Aktion","isPartOf":{"@id":"https:\/\/www.apetito-catering.de\/aktion\/food-for-fans\/#website"},"datePublished":"2024-04-25T15:07:46+00:00","dateModified":"2024-05-22T07:34:04+00:00","breadcrumb":{"@id":"https:\/\/www.apetito-catering.de\/aktion\/food-for-fans\/impressum\/#breadcrumb"},"inLanguage":"de","potentialAction":[{"@type":"ReadAction","target":["https:\/\/www.apetito-catering.de\/aktion\/food-for-fans\/impressum\/"]}]},{"@type":"BreadcrumbList","@id":"https:\/\/www.apetito-catering.de\/aktion\/food-for-fans\/impressum\/#breadcrumb","itemListElement":[{"@type":"ListItem","position":1,"name":"Startseite","item":"https:\/\/www.apetito-catering.de\/aktion\/food-for-fans\/"},{"@type":"ListItem","position":2,"name":"Impressum"}]},{"@type":"WebSite","@id":"https:\/\/www.apetito-catering.de\/aktion\/food-for-fans\/#website","url":"https:\/\/www.apetito-catering.de\/aktion\/food-for-fans\/","name":"apetito catering Aktion","description":"Food for Fans","publisher":{"@id":"https:\/\/www.apetito-catering.de\/aktion\/food-for-fans\/#organization"},"potentialAction":[{"@type":"SearchAction","target":{"@type":"EntryPoint","urlTemplate":"https:\/\/www.apetito-catering.de\/aktion\/food-for-fans\/?s={search_term_string}"},"query-input":{"@type":"PropertyValueSpecification","valueRequired":true,"valueName":"search_term_string"}}],"inLanguage":"de"},{"@type":"Organization","@id":"https:\/\/www.apetito-catering.de\/aktion\/food-for-fans\/#organization","name":"apetito catering Aktion","url":"https:\/\/www.apetito-catering.de\/aktion\/food-for-fans\/","logo":{"@type":"ImageObject","inLanguage":"de","@id":"https:\/\/www.apetito-catering.de\/aktion\/food-for-fans\/#\/schema\/logo\/image\/","url":"https:\/\/www.apetito-catering.de\/aktion\/food-for-fans\/wp-content\/uploads\/2024\/05\/apetito_catering_logo.svg","contentUrl":"https:\/\/www.apetito-catering.de\/aktion\/food-for-fans\/wp-content\/uploads\/2024\/05\/apetito_catering_logo.svg","width":309,"height":137,"caption":"apetito catering Aktion"},"image":{"@id":"https:\/\/www.apetito-catering.de\/aktion\/food-for-fans\/#\/schema\/logo\/image\/"}}]}},"_links":{"self":[{"href":"https:\/\/www.apetito-catering.de\/aktion\/food-for-fans\/wp-json\/wp\/v2\/pages\/12","targetHints":{"allow":["GET"]}}],"collection":[{"href":"https:\/\/www.apetito-catering.de\/aktion\/food-for-fans\/wp-json\/wp\/v2\/pages"}],"about":[{"href":"https:\/\/www.apetito-catering.de\/aktion\/food-for-fans\/wp-json\/wp\/v2\/types\/page"}],"author":[{"embeddable":true,"href":"https:\/\/www.apetito-catering.de\/aktion\/food-for-fans\/wp-json\/wp\/v2\/users\/1"}],"replies":[{"embeddable":true,"href":"https:\/\/www.apetito-catering.de\/aktion\/food-for-fans\/wp-json\/wp\/v2\/comments?post=12"}],"version-history":[{"count":0,"href":"https:\/\/www.apetito-catering.de\/aktion\/food-for-fans\/wp-json\/wp\/v2\/pages\/12\/revisions"}],"wp:attachment":[{"href":"https:\/\/www.apetito-catering.de\/aktion\/food-for-fans\/wp-json\/wp\/v2\/media?parent=12"}],"curies":[{"name":"wp","href":"https:\/\/api.w.org\/{rel}","templated":true}]}}